i**3 - 14*i**2 + 7*i - 3. Let x(p) = 6*p**3 - 13*p**2 + 6*p - 4. Let a be (-5 - -8)/((-1)/(-2)). Let n(h) = a*x(h) - 5*r(h). Calculate n(8).
-1
Let o(l) = -11*l - 14. Let x(v) = -2*v + 17. Let p be x(0). Let b(w) = 4*w + 5. Let f(d) = p*b(d) + 6*o(d). What is f(2)?
5
Suppose -11*j - 55 = 11. Let i(s) = 2*s**2 + 4*s - 7. Determine i(j).
41
Let q(a) = -2*a - 8*a**2 + 2 - 39*a**3 + 21*a**3 + 20*a**3. What is q(4)?
-6
Let m(u) = -3*u**3 + 10*u**2 - 7*u - 5. Let y(r) = -6*r**3 + 19*r**2 - 14*r - 11. Let c(p) = 13*m(p) - 6*y(p). Determine c(5).
-9
Let d = 22 - 19. Let j(y) = -9 + y**2 + d + 6*y - 5. Calculate j(-8).
5
Let d = 45 - 44. Let z(c) = 4*c**3 + 2*c**2 - 1. Let h be z(d). Let w(f) = -f**3 + 4*f**2 + 5*f - 6. What is w(h)?
-6
Let z(l) be the third derivative of -13*l**2 + 0*l - 1/6*l**3 + 0 + 3/8*l**4 + 2/15*l**5 + 1/120*l**6. What is z(-7)?
-15
Suppose -3*r + 48 = -r - 2*q, 3*r - 52 = -2*q. Let y = r - 18. Let l(i) = -3*i**2 + i**3 - 2*i + 5*i - 3*i**y. Determine l(5).
-10
Let i be 9/18*12/2. Let z(u) be the first derivative of u**3/3 - u + 27. What is z(i)?
8
Let h(g) = -g**2 - 5*g - 3. Let a(p) = p**2 - 8*p + 9. Let i be a(6). Let k be 5 - 0/(i - 0). Suppose 3*s - k*s = 6. Give h(s).
3
Let n(p) = p**2 - 4*p + 1. Let f be n(0). Let a(m) = -f + 2*m - 4 + 1 + m**3 + 4*m**2. Suppose 5 - 14 = 3*x. What is a(x)?
-1
Let k(s) = -s**2 + 4*s - 6. Suppose 2*c + w = -95, -4*w = 5*c + 374 - 132. Let d = c - -28. Let l = -14 - d. Determine k(l).
-6
Let w(h) = h**2 - 6*h - 6. Let o = -237 + 245. Calculate w(o).
10
Let i(p) = 2*p**2 - 8*p + 7. Let m(q) = q**2 - q + 3. Let w(k) = -i(k) + m(k). Let o = 0 - -6. Calculate w(o).
2
Let q be 10/2 + (-42 - -41). Let d(z) = -z**2 + 5*z - 4. Calculate d(q).
0
Let x(f) = -f**2 - 6*f - 8. Suppose -21 - 9 = 5*u. Determine x(u).
-8
Let f(g) = -2*g - 19. Let r(o) = -3*o - 37. Let l(i) = 5*f(i) - 3*r(i). Let j be l(11). Let t(d) = j*d + 4 + 0 - 2*d. Give t(-6).
-14
Let s(q) be the third derivative of -11*q**2 - 1/6*q**3 + 0*q**5 - 7/60*q**6 + 0 + 0*q + 0*q**4. Determine s(1).
-15
Let q(v) = v**2 - 8*v - 11. Let z be (-2)/((-8)/44) - (0 + -4). Suppose j + 4*n = -1 + 2, -z = -j + 3*n. Determine q(j).
-2
Let j(b) = 2*b**2 + 2*b - 2. Let f be j(1). Let r(d) = -26*d**2 - 1 + 7*d + 15*d**f + 13*d**2. Determine r(-5).
14
Let u(y) = -y**2 - 9*y - 6. Suppose d - 5*p + 1 = 0, 7*p + 26 = -5*d + 11*p. Give u(d).
12
Let r(k) = k**3 + 5*k**2 - 6*k - 6. Let l(z) = 51*z - 3*z**3 - 45*z - 6 + 4*z**3 + 7*z**2. Let v be l(-6). Calculate r(v).
-6
Let w(m) = 7*m**3 + m**2 + 11*m - 13. Let f(n) = -13*n**3 - n**2 - 21*n + 25. Let a(x) = 6*f(x) + 11*w(x). Determine a(5).
-18
Let l(b) be the third derivative of b**4/24 + b**3/2 - 26*b**2 - 2*b. What is l(4)?
7
Let n(m) = -m**2 + 6*m - 12. Let u be n(-6). Let s = 79 + u. Let w(h) = 9*h + 4*h**2 - 3*h**2 - 3*h. What is w(s)?
-5
Let h(b) = 11*b**2 + 15*b + 27. Let n(j) = 3*j**2 + 5*j + 9. Let x(p) = 2*h(p) - 7*n(p). Give x(7).
5
Suppose -3*m - 2*f = 2*m - 52, 0 = -2*m + 2*f + 32. Suppose a + 3*a = -m. Let t(w) = 19*w - 5. Let v(s) = 4*s - 1. Let y(j) = 2*t(j) - 9*v(j). What is y(a)?
-7
Let x(n) be the first derivative of -3*n**2 + 7*n - 104. Let r(m) = m**3 - 8*m**2 + 8*m - 2. Let o be r(7). Give x(o).
-23
Let r(a) = a**2 + a - 2. Let p be r(3). Let g = p - 7. Let c(z) = -z + 2. What is c(g)?
-1
Suppose p = 5*k - 3*p - 19, 0 = -3*k + 2*p + 13. Let g(m) = -2*m - 8. What is g(k)?
-22
Let o(y) be the third derivative of -1/6*y**4 + 0*y - 14*y**2 + 0 - 1/120*y**6 - 7/6*y**3 + 7/60*y**5. Suppose -37 = -a - 5*h - 11, 3*h = 2*a. Give o(a).
5
Suppose -k = -2 + 4. Let t be 8 + (-4 - (k - 0)). Let y(g) = -3*g**2 + 3*g + 9. Let q(l) = l**2 + l - 1. Let f(x) = 2*q(x) + y(x). Give f(t).
1
Let b be (-34)/6 + 2/(-6). Let u(c) = 4*c + 48 - 157 - 6*c + 51 + 49. Calculate u(b).
3
Let m(q) = q**3 + 7*q**2 + 4*q + 5. Let p = -714 + 709. What is m(p)?
35
Let j(a) = -7*a**2 + 20 + 19 - 54 + 17 + a**3 - 4*a + 2*a. Give j(7).
-12
Let r(n) be the third derivative of -n**5/60 + n**4/2 - 29*n**3/6 - 843*n**2. What is r(6)?
7
Let m(p) = p**3 + 9*p**2 + 8*p + 3. Let g(s) = -s**3 + 5*s**2 + 10*s + 20. Let o be g(7). Give m(o).
3
Let w(o) be the third derivative of -o**9/30240 - o**8/4032 - o**7/1260 - o**6/180 + 4*o**5/15 + 3*o**2. Let s(m) be the third derivative of w(m). Give s(-3).
17
Let j(l) = -2*l + 8. Suppose 18 = 2*s + s. Suppose 4*h + s + 18 = 0. Calculate j(h).
20
Let n = 38 + -36. Let x(i) = -461 + 3*i + 458 - n*i. Determine x(-4).
-7
Let o(m) = m**2 - 2*m - 6. Let x be (-4)/(-16) - (-5)/(-4). Let p be 40/(-12)*(-7 - x). Suppose 0 = -5*v + v + p. Determine o(v).
9
Let i(p) be the third derivative of p**6/120 - p**5/20 - p**4/8 + p**3 - 342*p**2. Calculate i(3).
-3
Let q(y) be the first derivative of 5*y**2/2 + 3*y - 429. Determine q(5).
28
Let w(r) be the first derivative of -22 - 3*r - r + 3*r + 2*r + 2*r**2. Determine w(-5).
-19
Suppose 0 = 3*c + 4*w - 14, -c = 3*c + 3*w - 14. Let r(z) = -2*z + 4. Give r(c).
0
Let b(v) be the second derivative of v**4/12 + 3*v**3 - 39*v**2/2 - 143*v. Give b(-20).
1
Suppose -3*u + p + 11 = 2*p, -4*p - 7 = -5*u. Let v(m) = 0*m**3 - 4*m**2 - 2*m**3 + 3 + u*m + 2*m - 3*m. Let y be 2 + 15*4/(-12). Calculate v(y).
15
Let b(w) = 3*w**3 + 6*w**2 - w - 7. Let j(m) = -m**3 - 2*m**2 + m + 4. Let i(d) = -b(d) - 2*j(d). Let a be (-1 - -2)*-1*1. Determine i(a).
-1
Suppose -3*t - 15 = -5*i - 0*i, t + 3*i = 9. Let p(q) be the third derivative of 1/12*q**4 + t*q + 1/3*q**3 + 0 - 6*q**2. What is p(2)?
6
Let b(g) be the second derivative of 1/6*g**4 - 1/2*g**3 + 6*g + 3/2*g**2 + 1/20*g**5 + 0. Calculate b(-3).
3
Let j(t) = -2*t. Let r(h) = -5*h + 19*h + 2 - 8*h - 4*h**2 + 2*h**2. Let v be r(3). Calculate j(v).
-4
Let o(r) = 52 - 106 + 5*r + 48 - r**2. Give o(4).
-2
Suppose -9*n = -123 + 24. Let u(f) = -f**2 + 12*f - 9. Give u(n).
2
Let u(i) = -5 - i - 2 + 20 - 6. Let r = 3 + -1. Suppose 0 = 4*c - r*c - 8. What is u(c)?
3
Let k(y) = 210*y**2 + y - 4 - 9*y - 211*y**2. Determine k(-6).
8
Let v(z) = -z + 14. Let m(y) = 2*y - 19. Let p(r) = -3*m(r) - 2*v(r). Calculate p(9).
-7
Suppose -3*a - 4 = 8. Let q be 42/a*2/(-3). Let y(s) = s - 1 + 1 + q. Give y(-4).
3
Let k = -9 - -17. Suppose a = h - a, -2*a = 3*h - k. Suppose 4*v = 3*v - h. Let u(x) = -x**2 + 4*x + 3. Determine u(v).
-9
Let c be 1/3 - (-25)/15. Suppose 16 - 1 = 3*u. Let k(y) = 4*y**3 - y**2 - 3*y + 2. Let v(q) = 9*q**3 - 2*q**2 - 6*q + 4. Let n(s) = u*k(s) - 2*v(s). Give n(c).
8
Let k(w) = -2*w - 1. Suppose 0 = 5*s - 3*z - 48 + 18, 24 = 4*s + 5*z. Let f be s*16/(-12) + 2. Give k(f).
11
Let j = -21 + 23. Let q be j*(-4)/8*-1. Let a(s) = -6*s + 1. Let r(b) = 18*b - 3. Let h(m) = 17*a(m) + 6*r(m). Give h(q).
5
Let u(t) = 0*t + 3 - 5 - 18290*t**2 + 18281*t**2 + 4*t. Determine u(2).
-30
Let k(j) = j + 2. Suppose 1 = 7*s - 13. Determine k(s).
4
Let g(c) = -13*c - 77. Let w be g(-6). Let l(z) = 18*z**2 + 2*z - 1. Calculate l(w).
19
Let n(c) be the third derivative of -c**4/8 - 7*c**3/6 + 179*c**2. Suppose 3*p + 4*o = p - 6, 5*p + 24 = -o. What is n(p)?
8
Let m = 34 + -29. Let z(o) be the second derivative of -1/20*o**m + 0 + o - 1/2*o**2 - 1/2*o**3 - 5/12*o**4. Calculate z(-4).
-5
Let l(s) be the third derivative of 0*s + 0 - 4/3*s**3 - 29*s**2 - 1/24*s**4. Suppose g + 11 = 2*q - 5, 3 = -3*g - 3*q. Calculate l(g).
-2
Let l(q) = -q**3 - 4*q**2 - 4*q - 5. Let h(t) = -t**3 - 3*t**2 - 4*t - 6. Let a(v) = 2*h(v) - 3*l(v). What is a(-5)?
8
Let p(m) be the first derivative of -m**2/2 + 5. Suppose 3*d + 4 = 5*j, 4*d + j - 2 = 5*d. What is p(d)?
3
Let x be (3 + -1)*(1 + 1). Let y(p) = -x*p**2 - p**3 + 13*p + 15*p - 24*p. Let i = 3 + -8. Give y(i).
5
Suppose 5*s + 16 = -0*s + 4*l, -2*l - 22 = 5*s. Let k be (-4)/16 - 1/s. Let b(w) = 0*w + 1 - w + k. Give b(0).
1
Let x be 8 + -5 - (3 - 1) - -2. Let v(a) = -3 + 5*a**3 - 5*a**3 - 5*a**2 + a**x + a. Calculate v(5).
2
Let l(d) = -d**2 + 3. Let v be (-26 + 25)/((-10)/6 - -2). What is l(v)?
-6
Let x(n) = 2*n**2 - 12*n - 8. Let j(v) = v**2 - 6*v - 4. Let y(h) = 5*j(h) - 2*x(h). Suppose -5*b + 4*f + 2 = -27, 0 = 4*b + f - 19. Calculate y(b).
-9
Let k = 227 + -228. Suppose -2*l + 8 = 2*l. Let n(z) = 0*z + z**3 - l*z**2 - 4*z**3 - z. Give n(k).
2
Let x(s) = 6*s**3. Suppose -10 = -j + 3*y, -9 = -3*j + y - 3. Let f be (